3 - 5) - (-7 - -6)
-11
Evaluate -6 + 2 + -128 + 138.
6
Calculate -6 - (-25 + 24) - (-7 - 3 - 1).
6
Evaluate 2 - (11 - 2 - 3) - 2.
-6
-20 + 10 + (-3 - (-4 + (3 - 2)))
-10
What is 17 + -60 - -13 - -21?
-9
What is (5 - (-1 + 0)) + (993 - 997)?
2
What is the value of 3 - (25 - 10 - 11)?
-1
What is (91 - 96) + (1 - 2) + 12 - -7?
13
Evaluate (0 + -6 - 2) + 14 + -12.
-6
What is the value of 5 + -13 + 47 + -12?
27
What is the value of 8 + (1 - ((3 - -8) + -7)) + -9?
-4
Calculate -1 + 52 + -27 + -2.
22
What is 0 + 6 + 12 + -13 + -1?
4
(30 - 24) + 5 + (-1 - 3)
7
Calculate -6 + (6 - 8 - 15) + 8.
-15
What is the value of (-2 - (14 - 27)) + -4 + 5?
12
What is the value of 25 + (3 - 2) + -26?
0
Evaluate 7 - 0 - (-5 - (16 - 25)).
3
Calculate -12 + -3 + 2 - (-7 + 2 + -1).
-7
What is -1 + -27 - (-28 + 48 + -14)?
-34
What is 0 - (-15 + 12 + -5 + 8)?
0
Calculate 30 + (-37 - (-40 + 34)).
-1
What is -31 + 24 + -16 + 16?
-7
What is the value of 32 - (-2 + -22 - (152 - 169))?
39
Calculate 11 - ((7 - 8) + (2 - 5) + 3).
12
Evaluate -3 + 8 - (-13 + 11) - 4 - -1.
4
15 - (-1 + 74 - (14 - -3))
-41
-36 - (420 + -408 + -12 + -1)
-35
What is the value of 6 + -7 + 0 + (-377 - -348)?
-30
Evaluate -19 - (-75 - -4 - -27).
25
What is the value of -22 + 29 - (21 + -31 - (-7 - -1))?
11
Calculate (26 - (11 + -5)) + -4.
16
Calculate 5 + (-18 + 9 - -3).
-1
Evaluate -14 - (-14 - (10 - -5)).
15
Calculate (12 - 3) + -14 - (9 + -11 + -29).
26
What is -18 + (-22 - -21 - (-9 - (2 + -1)))?
-9
What is the value of 12 + (-2 - -9 - -28) + -12?
35
What is -5 + -2 + 4 - -3 - -7?
7
Evaluate (1 - -16) + (-484 - -489).
22
Evaluate (-2 + 18 - 15) + -14.
-13
Evaluate (12 - 11) + -2 + (-2 - 0 - -25).
22
What is the value of 10 + (14 - 11) + 4 + -18?
-1
What is the value of (2 - -7 - 4) + -7 - 6?
-8
Evaluate -1 + -9 + -1 + (734 - 733).
-10
What is the value of 18 - 13 - (-17 + 4)?
18
-1 + 11 + (-3 - -6) + (6 - 7)
12
Calculate -27 + 13 + -4 + (4 - (-1 + 1)).
-14
(1 - (4 + 10)) + (14 - (-6 - -12))
-5
What is the value of -55 - -58 - (1 + 1)?
1
14 - 5 - (-6 - (-8 - -2))
9
What is the value of 52 - 41 - (15 + 13)?
-17
Evaluate -8 + (-7 - (-2 + -2)) + 5 - -7.
1
What is -14 + 9 - 4 - -8 - -6?
5
Evaluate -48 + (40 - (4 + -1)).
-11
Calculate 8 - (6 - 13 - -12 - 5).
8
Calculate 8 + (-5 - -1 - 1) + -2 - 3.
-2
What is -12 + 14 + (18 - (4 + 2))?
14
Calculate -11 + (-23 + 10 - -8).
-16
71 + -74 + (12 - 1)
8
What is -3 - 0 - (9 + -23 + 3)?
8
What is -9 - ((-19 - 13) + 6)?
17
-7 + -4 + -17 + 9
-19
Evaluate 1 + (8 - 3 - 4) + -5.
-3
What is -46 + 1 - (697 + -723)?
-19
What is 0 + 3 - (-14 + -10 - -35)?
-8
What is -5 + -1 + (-20 - -65) + -21?
18
What is 7 + -1 + (3 - 13 - -3) - 6?
-7
Calculate 57 + -52 + (-1 - 2) + -5.
-3
What is 11 + -49 - (-17 + -8 - -18)?
-31
Evaluate 14 - (16 - 9) - (11 - 7).
3
3 + -4 - (-19 + 18)
0
What is 18 + 19 + -27 - (12 + -2) - -7?
7
What is -12 + (32 - 63) + 40?
-3
-17 + (-3 - -20) + -1 + -1
-2
What is the value of -1 + -1 + 21 + -35 + -14?
-30
What is the value of 12 + 1 + (-18 - (-17 - -6) - -1)?
7
What is (0 - (-33 - -38)) + 1 + -1 + 4?
-1
What is the value of 50 + -44 + (2 - (0 - 1)) + -2?
7
What is the value of (-22 - (-3 - 19) - (-9 - 2)) + -22?
-11
What is the value of 21 + (-1 - 14) + -4?
2
What is the value of 7 + (22 - 44) + 16?
1
Calculate (1 - 2 - -1) + 6 + -18.
-12
Calculate (6 - 35) + (2 - 0) + -2.
-29
What is 2 + -5 + 4 - ((-12 - -8) + 11)?
-6
Evaluate -1 + -4 + (-2 + 0 - -5) + -17.
-19
Evaluate 4 + 1 + (2 - (-7 + 8)) + -8.
-2
What is -1 + (-1 - 1) + 4 + -28 + 25?
-2
What is 7 - -17 - 31 - (-20 + (-1 - -1))?
13
Evaluate (-38 - -46) + -19 + -17.
-28
What is 13 - ((9 - -6) + 4 + -9)?
3
Calculate (1 + 1 - -7) + (13 - 35 - 2).
-15
36 + -30 + 0 + -15
-9
Calculate (11 - (-22 - -30)) + (-4 - 14).
-15
(-8 - -8) + 9 + 0
9
(580 - 588) + (1 - 3 - 5)
-15
What is the value of 20 + (-27 - 7) - 1?
-15
Evaluate -7 + 13 + -18 + 15.
3
1 + -7 + (-95 - -90 - (0 + -17))
6
What is 4 + 0 + 11 + 1 + -20 + 23?
19
What is the value of (3 - 5) + 1 + -11 + -4?
-16
Evaluate -1 - 5 - (18 - (18 - -13)).
7
What is the value of (1 - 10 - (15 - (25 + -11))) + 3?
-7
Calculate -21 - (3 - (-21 - -37)).
-8
Evaluate (2 - -8) + -1 + -67 + 65 + -1.
6
-2197 + 2220 - (-11 + 1)
33
What is (-1 + 6 - 2 - (5 + -7)) + -7?
-2
Calculate -10 - (18 - (-18 - (-5 + -8))).
-33
Evaluate 3 - (-3 - -10) - (26 + -35).
5
-7 - 0 - (-86 + 74)
5
164 + -155 + 0 + -20
-11
What is -3 + 7 + (3 - -2 - 11)?
-2
10 + (-15 - -2 - 7 - -5) + 0
-5
Calculate -5 + (14 - (17 - 16)).
8
What is (0 + 11 - (-113 - -118)) + 14?
20
1174 + -1199 + (1 + 0 - 0)
-24
What is -12 - ((-12 - -1) + 3) - -6?
2
Evaluate (-8 - -1) + 3 + 7.
3
Evaluate 11 - (31 - (8 + 2 - 5)).
-15
What is the value of (8 + -6 + 8 - -7) + -9?
8
What is the value of -39 - (18 - ((45 - 4) + -7))?
-23
What is the value of (24 - 21) + 1 - 28?
-24
Calculate (-8 - -1) + (30 - 23) - (-7 + 0).
7
Evaluate 145 + -168 + 3 + -3.
-23
(-45 - (-73 + 46)) + -22
-40
Evaluate -4 - (6 + -5 + -7) - (-6 - -11).
-3
5 - 6 - (-2 + -5)
6
What is the value of 28 + -29 + 21 - (-1 + 5)?
16
Calculate 0 + 25 - (-78 + 99).
4
Evaluate 4 + -2 + 0 + (-13 - (-5 + -12)).
6
What is the value of -14 - (-2 + 1 - (-4 + 11 + -2))?
-8
What is the value of 17 - (11 + (1 - -18))?
-13
Evaluate (2 - (12 + -3)) + 78 + -75 + 4.
0
-2 - -1 - (-4 + 8 + 10 + -2)
-13
9 - (3 + -11 - -15)
2
Evaluate 18 + -20 + (11 - 11).
-2
43 - 16 - (-32 + 60)
-1
Evaluate (28 - (0 + 2 + -92 + 93)) + -8.
17
What is -6 + (-2 - 1) + 9 + -1?
-1
Calculate (-26 + 39 - 17) + -1 + -5.
-10
Evaluate 9 + (7 + -11 - -3) + (-2 - -5).
11
Evaluate -75 + 68 + 10 + 0.
3
Evaluate (15 - (-38 - -35)) + 0 + -4.
14
Calculate 2 + 0 + 8 - (227 - 239).
22
What is (2 - 5) + 40 + (-124 - -113)?
26
Evaluate 6 - (-6 - (-9 - -8) - (-5 - -1)).
7
Calculate 0 - (-3 - (-10 - 3)) - -6.
-4
Evaluate -10 + (-24 - -13) + 30.
9
What is the value of -7 + (23 - (-10 - -35))?
-9
(-4 - 5 - -8) + 13 - (-8 + 3)
17
248 + -281 + (22 - -1)
-10
-20 + (7 + -5 - -11) - -14
7
Evaluate -8 + (19 - (-2 + -8)) - -2.
23
Evaluate -6 + ((6 - 1) + 1 - (13 - -9)).
-22
Evaluate 4 - (-8 + (3 - (-1 - 4))).
4
2 + -28 + 27 + 8 + -1 + 3
11
What is -9 - (11 + -7 + 5) - (3 + -12)?
-9
What is 6 + (11 - 0 - ((2 - -2) + 4))?
9
Calculate -4 - (4 - (8 + 0 - (2 - -1))).
-3
(-19 - 0) + 1 - (33 - (-1 - -37))
-15
-6 - (15 + -13 + 1)
-9
What is the value of -7 + ((-17 - 5) + 8 - (-5 - -1))?
-17
(1 + -1 - -5) + 39 + -11 + -36
-3
Calculate -1046 + 1049 - (9 - 1 - -1).
-6
16 + -23 + (-11 - -21)
3
Evaluate 0 - 5 - (-27 + -3 + 33).
-8
Evaluate (4 + -2 - -3) + -5 + (-39 - -60).
21
Evaluate -36 - (-50 - -18) - (-1 - -1 - 6).
2
Evaluate (20 - 14) + 2 + -16.
-8
Evaluate (12 - ((-2 - -8) + 2 + 5)) + -22.
-23
Calculate -6 + 2 + 1 - (5 - -1).
-9
Calculate (-2 - 2) + -2 + (-38 - -52).
8
Evaluate -15 + (-4 + 18 - -13).
12
Evaluate -21 + 35 - 24 - (0 + 0).
-10
What is the value of 14 + (1 - 2) + -3 - 0?
10
23 - (5 - (14 - 4)) - (-11 - -16)
23
Evaluate (2 - (4 - 6)) + -3 + (11 - 1).
11
What is the value of (-6 + 18 - 45) + 11?
-22
Calculate 12 - (286 - 290 - (-1 - (2 + 6))).
7
Evaluate 8 + (-10 + -5 - -1).
-6
Evaluate (-18 - -14) + -12 - -3.
-13
Calculate -18 + 7 + -7 - (-2 + -25).
9
Calculate 2 + 2 + 8 + -18 - (-18 + 1).
11
What is (1 - -19) + 201 + -247?
-26
What is the value of 23 + 4 + -10 + 0 + 4 + -1?
20
What is the value of 3 - (((9 - 2) + -8 - -10) + 5)?
-11
Evaluate 35 + -5 + -31 + (-1 - -14).
12
Evaluate -3 - (-8 - (-10 + 9)).
4
Calculate 3 + (14 + -6 - -6) + -5.
12
7 + 47 + -32 - 24
-2
What is (-2 - (-10 + 3 + -20)) + -5?
20
Calculate 30 + -12 + 26 + -31.
13
What is the value of 0 + 2 - (5 + -11 + 9 + 1)?
-2
Calculate -5 + (5 - (24 - 16)) + 14.
6
Calculate 22 + -13 + -8 + -5 + (1 - 0).
-3
(15 + -24 - -4) + -1
-6
What is (-65 - -55) + (2 - -2)?
-6
What is the value of 15 + (-32 - (5 + -12))?
-10
Evaluate (-6 - (19 + -8 + -9)) + 10.
2
What is the value of -7 + 23 - (19 - 4)?
1
Calculate -2 + 10 + (-9 - (2 - (9 - 3))).
3
-1 + -14 + -36 + 46 + -17
-22
Calculate -3 + (-6 - -12) + -2.
1
Evaluate 6 - 1 - (-117 + 106 - (2 - 16)).
2
What is -4 + (-1 - (11 + -14 - -1))?
-3
-12 + -5 + 14 + 6
3
Calculate 4 + (33 - 25) + (-2 - 3).
7
What is the value of 14 + (6 - (6 + -11)) + -7?
18
-486 + 476 - ((-1 - 0 - -31) + 0)
-40
What is the value of 1651 + -163